{"id":56,"date":"2011-05-04T14:20:40","date_gmt":"2011-05-04T14:20:40","guid":{"rendered":"http:\/\/s364842940.online.de\/regenbogen\/?page_id=56"},"modified":"2011-06-11T10:21:21","modified_gmt":"2011-06-11T10:21:21","slug":"kurz-chronik","status":"publish","type":"page","link":"https:\/\/www.regenbogenschule-sontra.de\/?page_id=56","title":{"rendered":"Kurz-Chronik"},"content":{"rendered":"<table border=\"0\" cellspacing=\"10\">\n<tbody>\n<tr>\n<td align=\"left\" valign=\"top\"><strong><em>1972<\/em><\/strong><\/td>\n<td align=\"left\" valign=\"top\">Mit der Einsetzung einer Schulleitung, Konrektor K\u00f6nig im M\u00e4rz und Rektor Bolz im Juni, beginnt die Eigenst\u00e4ndigkeit der<br \/> Ernst-Reuter-Schule<br \/> Mittelpunktgrundschule<br \/> des Landkreises Eschwege<br \/> 6443 Sontra 1, Schulstr. 50<\/td>\n<\/tr>\n<tr>\n<td align=\"left\" valign=\"top\"><strong><em>1973<\/em><\/strong><\/td>\n<td align=\"left\" valign=\"top\">Die Wichmannsh\u00e4user Schule wird aufgel\u00f6st. Alle  Kinder gehen  fortan nach Sontra. Au\u00dfer Wichmannshausen geh\u00f6ren Hornel,  Lindenau,  Mitterode und Wei\u00dfenborn zum festen Einzugsbereich. Die Schule  erh\u00e4lt  einen Werkraum, eine Lehrkraft f\u00fcr T\u00fcrkisch wird eingestellt und  die  Vorklasse eingerichtet.<\/td>\n<\/tr>\n<tr>\n<td align=\"left\" valign=\"top\"><strong><em>1979<\/em><\/strong><\/td>\n<td align=\"left\" valign=\"top\">Die <strong>Grundschule<\/strong> <strong>des Werra-Mei\u00dfner-Kreises in Sontra 1 <\/strong>zieht von der Schulstra\u00dfe 50 zum Kirchplatz 6 um. Gleichzeitig beginnt die Arbeit der Gesamtschule in neuen Geb\u00e4uden.<\/td>\n<\/tr>\n<tr>\n<td align=\"left\" valign=\"top\"><strong><em>1980<\/em><\/strong><\/td>\n<td align=\"left\" valign=\"top\">Der Schulchor nimmt erstmalig am SOS- Konzert  teil und f\u00fchrt &#8222;Max  und Moritz&#8220; auf. Die beiden ersten Schuljahre  erhalten keine Noten  mehr.<\/td>\n<\/tr>\n<tr>\n<td align=\"left\" valign=\"top\"><strong><em>1983<\/em><\/strong><\/td>\n<td align=\"left\" valign=\"top\">Zum ersten Mal wird eine Verkehrserziehungswoche durchgef\u00fchrt. Die Schule erh\u00e4lt eine Sprachheilklasse.<\/td>\n<\/tr>\n<tr>\n<td align=\"left\" valign=\"top\"><strong><em>1991<\/em><\/strong><\/td>\n<td align=\"left\" valign=\"top\">Nach eingehender p\u00e4dagogischer Diskussion \u00f6ffnet sich die Schule f\u00fcr den gemeinsamen Unterricht behinderter<br \/> und nicht behinderter Kinder mit Einrichtung der ersten  drei Integrationsklassen.<\/td>\n<\/tr>\n<tr>\n<td align=\"left\" valign=\"top\"><strong><em>1996<\/em><\/strong><\/td>\n<td align=\"left\" valign=\"top\">Der Schultr\u00e4ger genehmigt den neuen Namen<br \/> <strong>Regenbogenschule.<\/strong><\/td>\n<\/tr>\n<\/tbody>\n<\/table>\n","protected":false},"excerpt":{"rendered":"<p>1972 Mit der Einsetzung einer Schulleitung, Konrektor K\u00f6nig im M\u00e4rz und Rektor Bolz im Juni, beginnt die Eigenst\u00e4ndigkeit der Ernst-Reuter-Schule Mittelpunktgrundschule des Landkreises Eschwege 6443 Sontra 1, Schulstr. 50 1973 Die Wichmannsh\u00e4user Schule wird aufgel\u00f6st. Alle Kinder gehen fortan nach Sontra. Au\u00dfer Wichmannshausen geh\u00f6ren Hornel, Lindenau, Mitterode und Wei\u00dfenborn zum festen Einzugsbereich. Die Schule erh\u00e4lt [&hellip;]<\/p>\n","protected":false},"author":1,"featured_media":0,"parent":0,"menu_order":0,"comment_status":"closed","ping_status":"closed","template":"","meta":{"footnotes":""},"class_list":["post-56","page","type-page","status-publish","hentry","post-preview"],"_links":{"self":[{"href":"https:\/\/www.regenbogenschule-sontra.de\/index.php?rest_route=\/wp\/v2\/pages\/56","targetHints":{"allow":["GET"]}}],"collection":[{"href":"https:\/\/www.regenbogenschule-sontra.de\/index.php?rest_route=\/wp\/v2\/pages"}],"about":[{"href":"https:\/\/www.regenbogenschule-sontra.de\/index.php?rest_route=\/wp\/v2\/types\/page"}],"author":[{"embeddable":true,"href":"https:\/\/www.regenbogenschule-sontra.de\/index.php?rest_route=\/wp\/v2\/users\/1"}],"replies":[{"embeddable":true,"href":"https:\/\/www.regenbogenschule-sontra.de\/index.php?rest_route=%2Fwp%2Fv2%2Fcomments&post=56"}],"version-history":[{"count":4,"href":"https:\/\/www.regenbogenschule-sontra.de\/index.php?rest_route=\/wp\/v2\/pages\/56\/revisions"}],"predecessor-version":[{"id":454,"href":"https:\/\/www.regenbogenschule-sontra.de\/index.php?rest_route=\/wp\/v2\/pages\/56\/revisions\/454"}],"wp:attachment":[{"href":"https:\/\/www.regenbogenschule-sontra.de\/index.php?rest_route=%2Fwp%2Fv2%2Fmedia&parent=56"}],"curies":[{"name":"wp","href":"https:\/\/api.w.org\/{rel}","templated":true}]}}