{"id":2711,"date":"2023-06-06T15:36:51","date_gmt":"2023-06-06T15:36:51","guid":{"rendered":"https:\/\/www.regenbogenschule-sontra.de\/?page_id=2711"},"modified":"2023-08-30T15:37:39","modified_gmt":"2023-08-30T15:37:39","slug":"aktionen","status":"publish","type":"page","link":"https:\/\/www.regenbogenschule-sontra.de\/?page_id=2711","title":{"rendered":"Aktionen"},"content":{"rendered":"\n<p>Roboterm\u00e4use f\u00fcr die IT AG<\/p>\n<p>Die IT-AG ist eine der zahlreichen AGs der Regenbogenschule. Im ersten Teil wird den Kinder der Umgang mit dem Computer n\u00e4her gebracht. Sie erstellen erst gemeinsam mit der Lehrkraft und sp\u00e4ter v\u00f6llig selbstst\u00e4ndig eine eigene DIN A4 Seite. Des Weiteren drehen die Sch\u00fclerinnen und Sch\u00fcler einen sogenannten Stop Motion Film mit den Tablets der Schule. Hierbei werden viele Fotos aneinander gereiht und sp\u00e4ter von den Kindern vertont, sodass ein Film entsteht. Der kr\u00f6nende Abschluss ist die Robotereinheit. Zun\u00e4chst wird den Kinder beigebracht, was Programmieren bedeutet.<span style=\"color: #ff0000;\"> Der F\u00f6rderverein unterst\u00fctzte die AG mit einer gro\u00dfen Spende,<\/span> sodass einige Roboterm\u00e4use angeschafft werden konnten, die das Prinzip des Programmierens verdeutlichen. Das Ziel ist es, dass die Maus zum K\u00e4se kommt. Durch verschiedene Denkans\u00e4tze programmieren die Kinder die Maus, sodass sie selbstst\u00e4ndig den Weg zum K\u00e4se abf\u00e4hrt. Abschlie\u00dfend bauen die Kinder mit Legok\u00e4sten eigene Roboter, welche auch wieder programmierbar sind.<\/p>\n<p><a href=\"https:\/\/www.regenbogenschule-sontra.de\/wp-content\/uploads\/2023\/06\/IMG_8045.jpeg\"><img loading=\"lazy\" decoding=\"async\" class=\"wp-image-2704 alignleft\" src=\"https:\/\/www.regenbogenschule-sontra.de\/wp-content\/uploads\/2023\/06\/IMG_8045-1024x768.jpeg\" alt=\"\" width=\"471\" height=\"353\" srcset=\"https:\/\/www.regenbogenschule-sontra.de\/wp-content\/uploads\/2023\/06\/IMG_8045-1024x768.jpeg 1024w, https:\/\/www.regenbogenschule-sontra.de\/wp-content\/uploads\/2023\/06\/IMG_8045-300x225.jpeg 300w, https:\/\/www.regenbogenschule-sontra.de\/wp-content\/uploads\/2023\/06\/IMG_8045-768x576.jpeg 768w, https:\/\/www.regenbogenschule-sontra.de\/wp-content\/uploads\/2023\/06\/IMG_8045-676x507.jpeg 676w, https:\/\/www.regenbogenschule-sontra.de\/wp-content\/uploads\/2023\/06\/IMG_8045.jpeg 1280w\" sizes=\"auto, (max-width: 471px) 100vw, 471px\" \/><\/a> <a href=\"https:\/\/www.regenbogenschule-sontra.de\/wp-content\/uploads\/2023\/06\/IMG_8044-rotated.jpeg\"><img loading=\"lazy\" decoding=\"async\" class=\"wp-image-2703 alignright\" src=\"https:\/\/www.regenbogenschule-sontra.de\/wp-content\/uploads\/2023\/06\/IMG_8044-768x1024.jpeg\" alt=\"\" width=\"429\" height=\"572\" srcset=\"https:\/\/www.regenbogenschule-sontra.de\/wp-content\/uploads\/2023\/06\/IMG_8044-768x1024.jpeg 768w, https:\/\/www.regenbogenschule-sontra.de\/wp-content\/uploads\/2023\/06\/IMG_8044-225x300.jpeg 225w, https:\/\/www.regenbogenschule-sontra.de\/wp-content\/uploads\/2023\/06\/IMG_8044-676x901.jpeg 676w, https:\/\/www.regenbogenschule-sontra.de\/wp-content\/uploads\/2023\/06\/IMG_8044-rotated.jpeg 960w\" sizes=\"auto, (max-width: 429px) 100vw, 429px\" \/><\/a> <a href=\"https:\/\/www.regenbogenschule-sontra.de\/wp-content\/uploads\/2023\/06\/IMG_8043-rotated.jpeg\"><img loading=\"lazy\" decoding=\"async\" class=\"wp-image-2702 alignleft\" src=\"https:\/\/www.regenbogenschule-sontra.de\/wp-content\/uploads\/2023\/06\/IMG_8043-768x1024.jpeg\" alt=\"\" width=\"379\" height=\"505\" srcset=\"https:\/\/www.regenbogenschule-sontra.de\/wp-content\/uploads\/2023\/06\/IMG_8043-768x1024.jpeg 768w, https:\/\/www.regenbogenschule-sontra.de\/wp-content\/uploads\/2023\/06\/IMG_8043-225x300.jpeg 225w, https:\/\/www.regenbogenschule-sontra.de\/wp-content\/uploads\/2023\/06\/IMG_8043-676x901.jpeg 676w, https:\/\/www.regenbogenschule-sontra.de\/wp-content\/uploads\/2023\/06\/IMG_8043-rotated.jpeg 960w\" sizes=\"auto, (max-width: 379px) 100vw, 379px\" \/><\/a> <a href=\"https:\/\/www.regenbogenschule-sontra.de\/wp-content\/uploads\/2023\/06\/IMG_8042-rotated.jpeg\"><img loading=\"lazy\" decoding=\"async\" class=\"wp-image-2701 alignright\" src=\"https:\/\/www.regenbogenschule-sontra.de\/wp-content\/uploads\/2023\/06\/IMG_8042-768x1024.jpeg\" alt=\"\" width=\"461\" height=\"614\" srcset=\"https:\/\/www.regenbogenschule-sontra.de\/wp-content\/uploads\/2023\/06\/IMG_8042-768x1024.jpeg 768w, https:\/\/www.regenbogenschule-sontra.de\/wp-content\/uploads\/2023\/06\/IMG_8042-225x300.jpeg 225w, https:\/\/www.regenbogenschule-sontra.de\/wp-content\/uploads\/2023\/06\/IMG_8042-676x901.jpeg 676w, https:\/\/www.regenbogenschule-sontra.de\/wp-content\/uploads\/2023\/06\/IMG_8042-rotated.jpeg 960w\" sizes=\"auto, (max-width: 461px) 100vw, 461px\" \/><\/a> <a href=\"https:\/\/www.regenbogenschule-sontra.de\/wp-content\/uploads\/2023\/06\/IMG_7929-rotated.jpeg\"><img loading=\"lazy\" decoding=\"async\" class=\"wp-image-2700 alignleft\" src=\"https:\/\/www.regenbogenschule-sontra.de\/wp-content\/uploads\/2023\/06\/IMG_7929-768x1024.jpeg\" alt=\"\" width=\"360\" height=\"480\" srcset=\"https:\/\/www.regenbogenschule-sontra.de\/wp-content\/uploads\/2023\/06\/IMG_7929-768x1024.jpeg 768w, https:\/\/www.regenbogenschule-sontra.de\/wp-content\/uploads\/2023\/06\/IMG_7929-225x300.jpeg 225w, https:\/\/www.regenbogenschule-sontra.de\/wp-content\/uploads\/2023\/06\/IMG_7929-676x901.jpeg 676w, https:\/\/www.regenbogenschule-sontra.de\/wp-content\/uploads\/2023\/06\/IMG_7929-rotated.jpeg 960w\" sizes=\"auto, (max-width: 360px) 100vw, 360px\" \/><\/a> <a href=\"https:\/\/www.regenbogenschule-sontra.de\/wp-content\/uploads\/2023\/06\/IMG_7927-rotated.jpeg\"><img loading=\"lazy\" decoding=\"async\" class=\"wp-image-2699 alignright\" src=\"https:\/\/www.regenbogenschule-sontra.de\/wp-content\/uploads\/2023\/06\/IMG_7927-768x1024.jpeg\" alt=\"\" width=\"363\" height=\"484\" srcset=\"https:\/\/www.regenbogenschule-sontra.de\/wp-content\/uploads\/2023\/06\/IMG_7927-768x1024.jpeg 768w, https:\/\/www.regenbogenschule-sontra.de\/wp-content\/uploads\/2023\/06\/IMG_7927-225x300.jpeg 225w, https:\/\/www.regenbogenschule-sontra.de\/wp-content\/uploads\/2023\/06\/IMG_7927-676x901.jpeg 676w, https:\/\/www.regenbogenschule-sontra.de\/wp-content\/uploads\/2023\/06\/IMG_7927-rotated.jpeg 960w\" sizes=\"auto, (max-width: 363px) 100vw, 363px\" \/><\/a> <a href=\"https:\/\/www.regenbogenschule-sontra.de\/wp-content\/uploads\/2023\/06\/IMG_7849-rotated.jpeg\"><img loading=\"lazy\" decoding=\"async\" class=\"wp-image-2698 alignleft\" src=\"https:\/\/www.regenbogenschule-sontra.de\/wp-content\/uploads\/2023\/06\/IMG_7849-768x1024.jpeg\" alt=\"\" width=\"234\" height=\"312\" srcset=\"https:\/\/www.regenbogenschule-sontra.de\/wp-content\/uploads\/2023\/06\/IMG_7849-768x1024.jpeg 768w, https:\/\/www.regenbogenschule-sontra.de\/wp-content\/uploads\/2023\/06\/IMG_7849-225x300.jpeg 225w, https:\/\/www.regenbogenschule-sontra.de\/wp-content\/uploads\/2023\/06\/IMG_7849-676x901.jpeg 676w, https:\/\/www.regenbogenschule-sontra.de\/wp-content\/uploads\/2023\/06\/IMG_7849-rotated.jpeg 960w\" sizes=\"auto, (max-width: 234px) 100vw, 234px\" \/><\/a> <a href=\"https:\/\/www.regenbogenschule-sontra.de\/wp-content\/uploads\/2023\/06\/IMG_7846-rotated.jpeg\"><img loading=\"lazy\" decoding=\"async\" class=\"wp-image-2697 alignright\" src=\"https:\/\/www.regenbogenschule-sontra.de\/wp-content\/uploads\/2023\/06\/IMG_7846-768x1024.jpeg\" alt=\"\" width=\"373\" height=\"497\" srcset=\"https:\/\/www.regenbogenschule-sontra.de\/wp-content\/uploads\/2023\/06\/IMG_7846-768x1024.jpeg 768w, https:\/\/www.regenbogenschule-sontra.de\/wp-content\/uploads\/2023\/06\/IMG_7846-225x300.jpeg 225w, https:\/\/www.regenbogenschule-sontra.de\/wp-content\/uploads\/2023\/06\/IMG_7846-676x901.jpeg 676w, https:\/\/www.regenbogenschule-sontra.de\/wp-content\/uploads\/2023\/06\/IMG_7846-rotated.jpeg 960w\" sizes=\"auto, (max-width: 373px) 100vw, 373px\" \/><\/a><\/p>\n<p>\u00a0<\/p>\n<p>\u00a0<\/p>\n<p>\u00a0<\/p>\n<p>\u00a0<\/p>\n<p>\u00a0<\/p>\n<p>\u00a0<\/p>\n<p>\u00a0<\/p>\n<p>\u00a0<\/p>\n<p>\u00a0<\/p>\n<p>\u00a0<\/p>\n<p>\u00a0<\/p>\n<p>\u00a0<\/p>\n<p>\u00a0<\/p>\n<p>\u00a0<\/p>\n<p>\u00a0<\/p>\n<p>\u00a0<\/p>\n<p>\u00a0<\/p>\n<p>\u00a0<\/p>\n<p>\u00a0<\/p>\n<p>\u00a0<\/p>\n<p>\u00a0<\/p>\n<p>\u00a0<\/p>\n<p>\u00a0<\/p>\n<p>\u00a0<\/p>\n<p>\u00a0<\/p>\n<p>\u00a0<\/p>\n<p>\u00a0<\/p>\n<p>\u00a0<\/p>\n<p>\u00a0<\/p>\n<p>\u00a0<\/p>\n<p>\u00a0<\/p>\n<p>\u00a0<\/p>\n<p>\u00a0<\/p>\n<p>\u00a0<\/p>\n<p>\u00a0<\/p>\n<p>\u00a0<\/p>\n<p>\u00a0<\/p>\n<p>\u00a0<\/p>\n<p>\u00a0<\/p>\n<p>\u00a0<\/p>\n<p>\u00a0<\/p>\n<p>\u00a0<\/p>\n<p>\u00a0<\/p>\n<p>\u00a0<\/p>\n<p>\u00a0<\/p>\n<p>\u00a0<\/p>\n<p>\u00a0<\/p>\n<p>\u00a0<\/p>\n<p>\u00a0<\/p>\n<p>\u00a0<\/p>\n<p>\u00a0<\/p>\n<p>\u00a0<\/p>\n<p>\u00a0<\/p>\n<p>\u00a0<\/p>\n<p>\u00a0<\/p>\n<p>\u00a0<\/p>\n<p>\u00a0<\/p>\n<p>\u00a0<\/p>\n<p>\u00a0<\/p>\n<p>\u00a0<\/p>\n<p>\u00a0<\/p>\n<p>\u00a0<\/p>\n<p>\u00a0<\/p>\n<p>\u00a0<\/p>\n<p>\u00a0<\/p>\n<p>\u00a0<\/p>\n<p>\u00a0<\/p>\n<p>\u00a0<\/p>\n<p>\u00a0<\/p>\n<p>\u00a0<\/p>\n<p>\u00a0<\/p>\n<p>\u00a0<\/p>\n<p>\u00a0<\/p>\n<p>\u00a0<\/p>\n<p>\u00a0<\/p>\n<p>\u00a0<\/p>\n<p>November 2022 Westen f\u00fcr die Schulanf\u00e4nger<\/p>\n\n\n\n<p><a href=\"https:\/\/www.regenbogenschule-sontra.de\/wp-content\/uploads\/2023\/03\/Westen-1c-scaled.jpg\"><br \/><img loading=\"lazy\" decoding=\"async\" class=\"aligncenter size-large wp-image-2673\" src=\"https:\/\/www.regenbogenschule-sontra.de\/wp-content\/uploads\/2023\/03\/Westen-1c-1024x768.jpg\" alt=\"\" width=\"676\" height=\"507\" \/><\/a><\/p>\n<p>Dank unseres F\u00f6rdervereins konnten wir auch in diesem Schuljahr wieder alle Schulanf\u00e4nger mit Sicherheitswesten ausstatten.\u00a0 So werden die &#8222;Kleinen&#8220; auf ihrem Schulweg auch in der dunklen Jahreszeit gut gesehen.<\/p>\n<p>\u00a0<\/p>\n","protected":false},"excerpt":{"rendered":"<p>Roboterm\u00e4use f\u00fcr die IT AG Die IT-AG ist eine der zahlreichen AGs der Regenbogenschule. Im ersten Teil wird den Kinder der Umgang mit dem Computer n\u00e4her gebracht. Sie erstellen erst gemeinsam mit der Lehrkraft und sp\u00e4ter v\u00f6llig selbstst\u00e4ndig eine eigene DIN A4 Seite. Des Weiteren drehen die Sch\u00fclerinnen und Sch\u00fcler einen sogenannten Stop Motion Film [&hellip;]<\/p>\n","protected":false},"author":2,"featured_media":0,"parent":0,"menu_order":0,"comment_status":"closed","ping_status":"closed","template":"","meta":{"footnotes":""},"class_list":["post-2711","page","type-page","status-publish","hentry","post-preview"],"_links":{"self":[{"href":"https:\/\/www.regenbogenschule-sontra.de\/index.php?rest_route=\/wp\/v2\/pages\/2711","targetHints":{"allow":["GET"]}}],"collection":[{"href":"https:\/\/www.regenbogenschule-sontra.de\/index.php?rest_route=\/wp\/v2\/pages"}],"about":[{"href":"https:\/\/www.regenbogenschule-sontra.de\/index.php?rest_route=\/wp\/v2\/types\/page"}],"author":[{"embeddable":true,"href":"https:\/\/www.regenbogenschule-sontra.de\/index.php?rest_route=\/wp\/v2\/users\/2"}],"replies":[{"embeddable":true,"href":"https:\/\/www.regenbogenschule-sontra.de\/index.php?rest_route=%2Fwp%2Fv2%2Fcomments&post=2711"}],"version-history":[{"count":5,"href":"https:\/\/www.regenbogenschule-sontra.de\/index.php?rest_route=\/wp\/v2\/pages\/2711\/revisions"}],"predecessor-version":[{"id":2739,"href":"https:\/\/www.regenbogenschule-sontra.de\/index.php?rest_route=\/wp\/v2\/pages\/2711\/revisions\/2739"}],"wp:attachment":[{"href":"https:\/\/www.regenbogenschule-sontra.de\/index.php?rest_route=%2Fwp%2Fv2%2Fmedia&parent=2711"}],"curies":[{"name":"wp","href":"https:\/\/api.w.org\/{rel}","templated":true}]}}